4 + -288 + 269 - -16.
21
-83 + (139 + -89 - 34)
-67
-11 + -63 + 108 + -83
-49
What is -15 + (24 + -28 - (-5 - 20))?
6
68 + -6 - 25 - -20
57
32 + (11 + -38 - 14) + (-67 - (1 + -2))
-75
What is 16 - (-1 + (4 + (5 - 22) - -14))?
16
Calculate 2 - (-2 + -37) - (140 + -110).
11
Evaluate (1 - -9) + 89 - 201.
-102
What is the value of 0 - (-39 + (-9 - -5) - -6) - (1 + 4)?
32
What is the value of (9 + 1 - (16 - -2)) + 21 - 3?
10
Calculate -33 - (-23 + 55 + 3 + -19).
-49
Calculate 59 + -77 + 100 + 15.
97
What is 72 - 28 - -34 - (34 + -12)?
56
What is (18 - -3) + ((-11 - (-8 + 6)) + 23 - 10)?
25
Evaluate -48 + -2 + (-11 - -3) + (20 - -2) + -1.
-37
Calculate 46 + (9 - (3 - (-3 - (-3 - -13)))).
39
55 + (-114 - 69) + 69
-59
35 + -8 + 7 + 9 - 162
-119
What is -69 + 54 - -3 - -30?
18
What is the value of (-3 - 15) + -17 + -10 + 26 - -77?
58
Calculate (18 - (4 + 15)) + -6 - (0 + 23).
-30
What is (104 - 80 - -11) + -57?
-22
-3686 - -3655 - ((1 - -2) + (-14 - -1 - -3))
-24
What is the value of 1 + 23 - (2 - -18 - (226 - 360))?
-130
Calculate (2 - -1) + -17 + (-27 - -33).
-8
What is the value of (-23 - (-7 - 14)) + (-47 - 0) + 2?
-47
7 - (3 - -1 - (-121 - -133))
15
What is the value of 38 + -26 + 4 + (-1 - 29)?
-14
Calculate 27 - 0 - (37 - 5 - (49 - 2)).
42
What is the value of 4356 - 4285 - (-17 + 1)?
87
What is the value of 10 - 2 - (74 + -112 + -57)?
103
What is -10 + -39 + 39 + -1 + (-6 - (1 + -4))?
-14
What is the value of -35 - -33 - ((0 - 13 - 34) + 5)?
40
Evaluate -17 + (-1 - 34) + 20 - -118.
86
What is the value of -6 - (-18 - (9 + (-5 - 8) + 1) - -7)?
2
Calculate (-1 - 0 - 17) + -2163 + 2169 + -81.
-93
What is 466 + -343 + -10 + -60?
53
Calculate (-43 + -12 - -22 - -14) + 2.
-17
What is -23 - (9 - 35) - (6 + 2) - 52?
-57
Evaluate -6 - (9 - 4) - (-44 + (-3 - 2) + 14).
24
Calculate (8 + -5 - 20) + (-157 - -144).
-30
-42 + -1 + 4 + (6 - ((-22 - -10) + 21))
-42
What is the value of (-131 - 148) + 267 + (5 - ((0 - -2) + -2))?
-7
What is the value of -6 + (-13 - (-5 - 89)) + -7?
68
What is -610 + 669 - (-2 + 7)?
54
Evaluate -41 + (-1 - -2) + 12 + 9.
-19
Evaluate -28 - (6 + -41 + 40 - 55).
22
What is 70 + -37 + 19 + -72?
-20
(79 - (-27 + 69)) + -37
0
What is the value of (-101 - -56) + 21 + -6?
-30
Evaluate (0 - (3 - 1) - 2) + (564 - 267 - 165).
128
Calculate 83 + (7 - (-31 - -52)) + (-3 - -3).
69
What is 0 + (9 - (10 + -5)) + -8?
-4
Calculate -7 + 110 + 1 + -85.
19
What is the value of (4 - (10 + -13 + 7)) + 30 + 2 + 4?
36
What is the value of 85 + (-135 - (45 + 0))?
-95
Evaluate (8 - -3) + 4 - (-26 - (-20 - (-9 + 12))).
18
Evaluate -2 + 92 + -16 - 23.
51
What is the value of 8 + (-85 + 132 - -18)?
73
What is 40 + 29 - (1 - (2 + -10 + 9))?
69
-41 - (-1 + 15 + (16 - (38 + (22 - 44))))
-55
What is (10 - 1) + (-17 - -9) + -38 + -18?
-55
What is (12 - 75 - -5) + (1 - (-4 + -1 + 5))?
-57
Calculate 59 + (-94 + -105 - -56).
-84
What is the value of -2 - ((11 - 6 - (16 - 8)) + 38)?
-37
What is the value of -4 + -6 + (-3 - 7) + -13 + (6 - -8)?
-19
Evaluate 3095 - 3135 - (3 + -2).
-41
Evaluate 3 + 5 - 18 - (-2 - 4 - -1).
-5
Calculate 93 - (302 - 231) - (-113 + (2 - -1)).
132
What is the value of -3 - -74 - (-13 - (-29 + 34) - (-5 + -29))?
55
Evaluate 30 + -19 - (-8 + 6 + 12 - 9).
10
What is 5 + (21 + -22 + (-1 - -4) - -19)?
26
Calculate 33 - ((-8 - -50) + -41) - -19.
51
What is (-5 - (-20 + (12 - 2))) + -6 + -3?
-4
What is 17 + (-5 - (-47 + 34))?
25
Calculate 34 + -31 + (-2 - (7 - 11)) - -8.
13
Calculate 14 + (-2 - 15) - (14 + 57 + 3).
-77
Evaluate 219 - 270 - (-69 + -8).
26
(182 - 177) + 1 + -3 + (12 - 0)
15
Calculate 70 - ((644 - 630) + (-2 - (3 - 1)) + 0).
60
What is the value of -1 + (12 - 0) - (-47 - -26 - (-11 + -18))?
3
What is -7 - (-78 + 0) - (-390 - -354)?
107
What is the value of -24 - ((-24 - 27) + 78)?
-51
Calculate (-117 - -110) + 8 + 5 + 3 + 96.
105
Evaluate 450 + -436 + (-3 - 37) + -15.
-41
Evaluate 8 - 1 - (-5 + 6 + -56) - -1 - -3.
66
-3 - (8 + 7 + -1 + (-5 - 6)) - -87
81
Calculate 15 + (-9 - 19) + 42 + -3.
26
Evaluate -9 - (-30 - (-26 + 8 + 4)) - (1 + 49).
-43
Evaluate 77 + -11 - 25 - 26 - (-71 - 0) - -8.
94
Evaluate -20 - (46 + -16) - -12 - -6.
-32
Calculate -103 + (41 - (102 - 117)).
-47
Evaluate 8 - (2 + -6 + 0 + 2) - (-283 + 350).
-57
-285 + 300 + (-4 - 2) - (-5 - (1 + -72))
-57
Calculate (-126 - -84) + (-5 - -2 - -17) - (1 + 6).
-35
What is the value of 19 - (-31 + -14 - -41) - -65?
88
Calculate 6884 + -6864 + (-1 + (-2 - -1) - 5).
13
-51 - -1 - 1 - (13434 + -13434)
-51
What is 118 - (2 - -135 - 56)?
37
Evaluate 4 - (-160 - (-51 + 24 + -16)).
121
10 + (17 + 65 - -21)
113
What is the value of -34 + 5 + -2 + (-5 - (-14 + 30 + -28))?
-24
What is 1 + 2 + -145 + (15 - (-53 - -30))?
-104
What is -40 + -29 + -8 + 41?
-36
Calculate -13 + 3 + (-4 - (19 + -19)) + -17.
-31
What is the value of -67 + 75 + 50 + -75?
-17
62 + -115 - -3 - 7
-57
Evaluate 35 - (0 + 0 + (-1 - (21 + -2))).
55
Evaluate -33 + 26 + -5 + -17 + -10.
-39
-21 + (39 - 21) + 8 + 21
26
Calculate 69 + -26 - (0 + 86).
-43
What is the value of -64 + (51 - -79 - 53)?
13
Calculate (-31 - -18) + 13 + 2 + -2 + -101 - 2.
-103
Evaluate (4 - (-6 + 2) - (-7 + (0 - -9))) + 34.
40
Calculate (-479 - -498) + -5 + -1 + 2 + -28.
-13
-6 + (-15 - (-23 + 21))
-19
Evaluate -179 + 75 + -106 + 97.
-113
Calculate -21 + (-34 + (-1 - -2) - (-2604 + 2603)).
-53
Evaluate (-4 - 14) + (60 - (15 - 35)).
62
Calculate (-112 - -1) + (113 - (269 - 159)).
-108
What is the value of -46 + 49 + -21 - 20?
-38
What is the value of 42 - (-21 - ((-9 - 0) + -26))?
28
Calculate -71 - (-6 + -22 + 17 - 3).
-57
Evaluate (-67 - (-1 - -2)) + (-80 - -17) + 56.
-75
Calculate -60 + (21 + -39 - -2) + -23.
-99
What is the value of 11 - (1 + (-229 - -234 - (-7 - -1)))?
-1
Evaluate -25 + (45 - 15) + (-17 - 11).
-23
What is (5 - -24 - (-143 - -193)) + (-13 - 1)?
-35
Calculate 15 - (32 - 21) - 3.
1
Calculate -1 + 14 + -4 + (-1 - 3) + 2 + 1.
8
What is the value of -50 - -4 - -17 - (1 + 27)?
-57
What is the value of -5 + (1 + 8 - (-20 + 21 + 2)) + 43?
44
Calculate 1 + (34 + -20 - 11) + -33 + 1.
-28
5 + -2 + 0 + 32 - (-9 - -1)
43
-67 - (-86 + -8 + 107)
-80
0 + -1 + 21 + 7 + (51 - (84 + -30))
24
34 - (118 + -18 + -42)
-24
-22 + -7 + 27 - 0
-2
-94 - (51 + -116) - -57
28
Calculate 8 + 14 + 7 - (246 + -294).
77
What is the value of -16 + (-30 + 52 - 34) + 11 + 0?
-17
Evaluate (-43 + 43 - 10) + 56 + 4 + -2.
48
(40 - 90) + 34 - (-1 - -4 - -2)
-21
Calculate -4 + -95 + 47 + 92.
40
(-4 - -4 - (0 + -2)) + -196 + 74 + 194
74
What is the value of (-23 - (1 - 23)) + -41 + 0 + -18 + 26?
-34
(0 - -69) + (33 - (29 + 7) - -13)
79
What is 31 - 21 - (13 - (1 + -6 + 2))?
-6
Calculate -8 - ((-10 - -1) + (-2 - -1 - (-834 - -927))).
95
14 + (102 - (-22 + 18 + 1)) + (0 - -1)
120
What is -9 + (55 - 0) - ((-26 - -8) + 27)?
37
Calculate 2 - 45 - (0 - -1) - (-67 + (84 - 27)).
-34
What is the value of (17 - 66) + 59 + 13?
23
-8 - (-2 - (10 - 19 - -26))
11
Calculate (14 - 14) + 78 + -35 + 29.
72
Calculate (55 - 41) + -41 + -14 + 14.
-27
(-15 - (-16 + 13) - 2) + 38 + -66
-42
What is 6 + -31 + 4 + 41?
20
Calculate ((-2 - -5) + -1 - (16 - 11)) + 107 + -75.
29
What is -3 - 2 - ((-2 - -7) + 1 + -120)?
109
Evaluate 34 - ((-17 - -15) + 10 + (-15 - -6)).
35
Calculate 236 + -257 + -2 + -6.
-29
3 + -2 + (48 - 55) + (1 - 4 - -8)
-1
Calculate (34 - 14) + (-2 - -27) - 21.
24
Calculate 2373 + -2419 + (54 - -1).
9
(16 - (-4 - 21)) + -14 - 22
5
-171 + 112 + (50 - -2) - (2 - 0)
-9
Calculate (-15 - (10 + -28 + 13) - -30) + 8.
28
(-109 + 105 - 2) + -4 + -16
-26
What is the value of -23 + 20 + 9 + -12 + (-12 - 0 - -98)?
80
Evaluate -11 + (-2 + 13 - (95 - 89)) + -32.
-38
Calculate -1 - 1 - 0 - (425 - (-29 - -471)).
15
What is the value of -110 + 26 + 15 + -13 + 6 + 1?
-75
-62 - (-15 - (53 + -38 - -7))
-25
What is the value of 3910 + -3901 - (-22 + 0)?
31
What is the value of -20 - 0 - (-105 + -9 - -92) - (1 - 20)?
21
Evaluate (23 + -118 - -48) + 18.
-29
Calculate -295 + 233 - (-4 + -38).
-20
2 + -23 - -2 - (1198 - 1187)
-30
Evaluate 12 + (-1 + 2 + (4 - 1) - 15) + 81.
82
(11 - -93 - 20) + -47
37
Evaluate -1 + 0 + 5 - (1346 - 1396).
54
Calculate (4 - 25 - -7) + (5 - 0).
-9
What is the value of 53 + -37 - (9 + (-14 - 7) - 0)?
28
Evaluate 49 + (-74 - (-153 + 72)).
56
Calculate 233 + -246 + -1 + -13 - 